120 + s. Let q = 149 + b. List the prime factors of q.
2, 7
Let i = 21 + 6. Let c(y) = -y**3 + 24*y**2 - 23*y + 19. Let l be c(23). Suppose -l*o - 152 = -i*o. List the prime factors of o.
19
Suppose 15*n - 155771 = 24829. List the prime factors of n.
2, 5, 7, 43
Let f = -18 - -21. Let y(u) = 5 + u**f + 3*u - 2 - 5*u**2 + 4. List the prime factors of y(5).
2, 11
Let c = 262 + -254. Suppose 11*v - 2009 = c*v + 4*f, -3*f = -v + 663. What are the prime factors of v?
3, 5
Let k be (-13 - -9) + (-1 - -2) + 5. Let f(n) = 8*n**3 + 3*n**k - 21*n**3 - 11*n + 1 + 13*n. What are the prime factors of f(-2)?
113
Let j be (-2)/6 + (730/6)/5. Let q = j + -19. Suppose q*h = -10, b - 2*b = 5*h - 29. What are the prime factors of b?
3, 13
Let m be 2*((-7)/(-2) + -4). Let h be (-2 + 2)/((-2)/m). Suppose -r + 5*r + t - 356 = h, -2*r + 2*t + 168 = 0. List the prime factors of r.
2, 11
Let s be -1 + 11 + (-175)/25. Suppose 0 = -3*o - 15, 3*i = -s*o + 215 + 1192. List the prime factors of i.
2, 3, 79
Let q be -6*((-2)/6 + -1). Let d(s) = -20*s**3 + 10*s + 866*s**2 + 23*s**3 - 11 - 4*s**3 - 859*s**2. List the prime factors of d(q).
5
Suppose -9*v - 13 = -67. Suppose -4*h - a + 11 = -26, 0 = -2*h + 2*a + v. Suppose y - 23 = -h. List the prime factors of y.
3, 5
Suppose -w - 2994 = -4*k, k + w = 3*w + 745. Let p = 517 - k. Let f = 331 + p. List the prime factors of f.
3, 11
Suppose 0 = -11*h + 2*h + 45. Let j(c) = -13*c - 19. Let u be j(h). What are the prime factors of (u/49)/((-6)/609)?
2, 3, 29
Let i(x) = x**2 - 10*x + 1. Let j = -109 - -54. Let d = j - -48. What are the prime factors of i(d)?
2, 3, 5
Let r(a) = -155*a + 2426. What are the prime factors of r(-48)?
2, 4933
Let l be (-74)/2 + (-27 - -30). Let u = 34 + l. Let a(z) = -z**2 - z + 98. List the prime factors of a(u).
2, 7
Let q = -486 - -918. Let b = 128 + -256. Let g = b + q. What are the prime factors of g?
2, 19
Suppose -3*g + 0*g + 9 = 0, 0 = -5*n - 4*g - 72303. List the prime factors of 1/4 + -4*n/144.
2, 3, 67
Let j = 1455 + 1063. List the prime factors of j.
2, 1259
Suppose -17 - 3 = -10*s. List the prime factors of 388 + s/(-5)*-10.
2, 7
Let c = 119 - 113. Let q be (281 + -2)*2/c. Let b = 9 + q. List the prime factors of b.
2, 3, 17
Let j = 31456 - 17987. What are the prime factors of j?
13469
Suppose 0 = 4*n + 2 + 2, 2*p - n - 19 = 0. Suppose 180 - 1359 = -p*f. What are the prime factors of f?
131
Suppose 2*p = -4*t - 426, -5*p + t - 1065 = 4*t. Let c = 18 + p. Let l = c + 291. List the prime factors of l.
2, 3
Let d(m) = -m**3 - 23*m**2 + 43*m - 14. Suppose -4*f + 84 = -4*a, -2*a + 3*f + 1 = 39. What are the prime factors of d(a)?
7, 23
Let s(j) = 4*j**2 - 2*j + 1. Let a be s(1). Suppose -a*t + 850 + 107 = 0. List the prime factors of t.
11, 29
Let h(c) = -2*c**3 + 34*c**2 - 5*c + 167. What are the prime factors of h(15)?
2, 31
Suppose -11*b + 13*b - 40 = 0. Suppose 0 = 5*l + 4*t - 307, 19*l = b*l + 5*t - 74. List the prime factors of l.
59
Suppose -880 = 5*x - 205. Let y = x - -226. List the prime factors of y.
7, 13
Suppose -4*c = -2*t + 6, -2*t + 5 = -2*c - 1. Suppose -x = -3*a - 390, -1986 = -3*x - 2*x + t*a. List the prime factors of x.
3, 7, 19
Suppose 0 = 14*s - 13*s - 1. Let z(v) = 59*v**2 - v. Let r be z(s). Let b = -21 + r. What are the prime factors of b?
37
Let u(n) = 21*n - 9*n**3 + 4 - 16*n + 11*n**3 + 3*n**2. Let s be u(-2). Let r(l) = -l**3 - 8*l**2 + 16*l + 15. What are the prime factors of r(s)?
5, 11
Suppose 8*j - 356 = 12*j. Let z = j + 218. List the prime factors of z.
3, 43
Suppose -14*n + 11*n = 5*n. Suppose 21*c - 2*c - 8550 = n. List the prime factors of c.
2, 3, 5
Suppose 21*c = 1 - 1. Suppose 4*b + 3*k - 8*k - 1629 = c, -5*b - 4*k = -2067. What are the prime factors of b?
3, 137
Let w(r) = 28*r**2 + 255*r - 9. What are the prime factors of w(23)?
2, 5167
Let u = 510 + 2650. List the prime factors of u.
2, 5, 79
Suppose -23566 + 2284 = 4*j - 164106. List the prime factors of j.
2, 3, 11, 541
Suppose -1199679 + 14113 = -110*a - 69066. What are the prime factors of a?
2, 5, 7, 29
Suppose -2*h + 9952 = 2*f, 83*h - 14929 = -3*f + 81*h. List the prime factors of f.
3, 7, 79
Suppose 3*m + b = 6156, m - 6*b - 2052 = -10*b. List the prime factors of m.
2, 3, 19
Let q(n) = -n**2 + 18*n - 17. Suppose 0 = 3*x + 5*l - 123, 0 = -2*l - 3*l + 15. Let s be -1 - (-7)/(21/x). What are the prime factors of q(s)?
2, 3, 5
Let p(h) = -73*h - 36. Let z be p(-2). Suppose 0 = 3*s - z - 706. What are the prime factors of s?
2, 17
Let m(d) = 3*d**3 - 24*d**2 + 5*d + 8. Let t be m(7). Let w = t + 274. What are the prime factors of w?
2, 5, 17
Suppose 19280 = 5*n - 5*i, n = -3*n + i + 15403. List the prime factors of n.
3, 1283
Let r(h) = -h**3 + 28*h**2 + 26*h + 98. Let d be r(29). Suppose 3136 = -d*p + 18*p. List the prime factors of p.
2, 7
Let u = -46 - -51. Suppose -160 - 45 = -u*y. Let x = y + 119. What are the prime factors of x?
2, 5
Let m(k) = 89*k**2 - 3*k + 2. Let q(u) = -89*u**2 + 3*u - 1. Let d(l) = -3*m(l) - 4*q(l). Let f be d(-1). Let c = f - 25. What are the prime factors of c?
5, 13
Let j = -67477 + 95567. List the prime factors of j.
2, 5, 53
Let y(a) = -53*a**3 + 2*a**2 + 17*a + 42. Suppose -367 + 340 = 9*g. What are the prime factors of y(g)?
2, 3, 5
Let c(t) = -42 + 25*t**2 - 9*t + 68 - 42 - t**3. List the prime factors of c(24).
2, 43
Let j(t) = -t**2 - 32*t - 37. Let i be (-1732)/60 + (-2)/15. List the prime factors of j(i).
2, 5
Suppose -a + 2*z + 12 = 0, -7*z = -4*a - 12*z + 100. Suppose a*w - 16*w = 8. What are the prime factors of (-20 - -136) + -4*(w - 1)?
2, 7
Let b(u) = -u**2 - 4*u + 17. Let f be b(-8). Let a be (f/6 - -1)/(6/(-1164)). Let v = 436 - a. List the prime factors of v.
5, 29
Suppose -3*q - 30 = -3*g, -4*g - 3*q + 22 = 2*q. Suppose -2854 = g*t - 19238. Suppose -9*n + t = 50. What are the prime factors of n?
2, 3, 37
Let z(o) = 430*o**3 + 5*o**2 + 9*o - 188. List the prime factors of z(4).
2, 47, 73
Let n(k) = -k - 20. Let v be n(13). What are the prime factors of 162 - ((-4)/(-6))/(11/v)?
2, 41
Suppose 4*u = 5*c + 27, 3*c + 2*c = -2*u - 9. Suppose 231 + 84 = -u*n. List the prime factors of 6/(-10) + 7/(n/(-1074)).
71
Let h(j) = -j**3 + 9*j**2 - 4*j - 16. Let o be ((-74)/12 + 5)*1*-6. What are the prime factors of h(o)?
2, 3
Let z = 90 + -66. Let u be (-17 + 1)*540/z. Let j = u + 644. What are the prime factors of j?
2, 71
Let d(q) = -9*q - 6. Suppose -3*m + 8 = -7*m. Let i be d(m). Suppose -2*c - 33 = -5*k, -4*k + c + i = 3*c. What are the prime factors of k?
5
Suppose 49 = 6*n - 2*n + u, -5*n + 30 = -5*u. Suppose 6*o = 4*o - 4*s + 16, 4*o + s = n. List the prime factors of (4 + (-1 - o))*97/1.
97
Suppose -18*w + 14*w - 5*p + 56646 = 0, 5*w = 4*p + 70787. List the prime factors of w.
14159
Suppose 106*a - 23262 = 103*a - 5*o, 6*a - 46560 = -4*o. What are the prime factors of a?
2, 3, 647
Suppose -44*j = -2*z - 39*j + 43410, -8*z = 3*j - 173594. What are the prime factors of z?
2, 5, 7, 31
Suppose -g - 9*f + 5 = -5*f, 0 = 2*g + 2*f - 40. List the prime factors of (-260)/g*30/(-1).
2, 3, 13
Suppose -5*v + 12 = 2. Suppose 0 = x - 18 + 12. Suppose -v*r = -x*r - 2*d + 498, r - d = 120. List the prime factors of r.
3, 41
Suppose -3*p = -9 - 6. Let g be (4/p)/(10/550). Let q = 117 - g. List the prime factors of q.
73
Let u(s) be the first derivative of -13/2*s**2 + 8*s - 24. List the prime factors of u(-6).
2, 43
Suppose -5*g = -25, 4*d + 0*g + g - 517 = 0. Let r = 228 - d. Suppose -r = 6*y - 532. List the prime factors of y.
2, 3
Suppose 0 = 14*x - 21245 + 3885. Suppose 6*l + 208 - x = 0. What are the prime factors of l?
2, 43
Suppose 43*r + 116973 + 361703 = 0. List the prime factors of r/(-20) + 10/25.
557
What are the prime factors of 521512/22 - (-7104)/(-6512)?
2, 2963
Let x = -1359 - -15371. List the prime factors of x.
2, 31, 113
Let t = -12951 - -51489. What are the prime factors of t?
2, 3, 2141
Suppose 4*g = 0, -5*h + 1644 = -18*g - 211. What are the prime factors of h?
7, 53
Suppose 125*c - 35701 = -2*k + 120*c, -3*k + 53541 = -3*c. List the prime factors of k.
2, 23, 97
Let f = 354 - 518. Let i = f - -254. Let r = i - 76. What are the prime factors of r?
2, 7
Suppose -33496 = -2*r + 3*t, -54*r - 2*t - 83718 = -59*r. List the prime factors of r.
2, 1